 36.
34
What is the remainder when 1022 is divided by 93?
92
What is the remainder when 2657 is divided by 28?
25
What is the remainder when 15984 is divided by 271?
266
What is the remainder when 104 is divided by 88?
16
Calculate the remainder when 5164 is divided by 126.
124
Calculate the remainder when 195 is divided by 102.
93
Calculate the remainder when 539 is divided by 79.
65
Calculate the remainder when 286 is divided by 36.
34
What is the remainder when 4491 is divided by 107?
104
What is the remainder when 173 is divided by 76?
21
What is the remainder when 160 is divided by 87?
73
Calculate the remainder when 62 is divided by 8.
6
What is the remainder when 1005 is divided by 10?
5
Calculate the remainder when 5620 is divided by 21.
13
What is the remainder when 9286 is divided by 172?
170
What is the remainder when 39 is divided by 3?
0
What is the remainder when 478 is divided by 162?
154
What is the remainder when 453 is divided by 76?
73
Calculate the remainder when 49 is divided by 4.
1
Calculate the remainder when 73 is divided by 14.
3
Calculate the remainder when 942 is divided by 15.
12
What is the remainder when 456 is divided by 33?
27
Calculate the remainder when 683 is divided by 36.
35
Calculate the remainder when 526 is divided by 106.
102
Calculate the remainder when 5548 is divided by 2767.
14
What is the remainder when 63 is divided by 14?
7
Calculate the remainder when 3391 is divided by 53.
52
What is the remainder when 235 is divided by 65?
40
What is the remainder when 396 is divided by 382?
14
What is the remainder when 3265 is divided by 46?
45
What is the remainder when 860 is divided by 21?
20
What is the remainder when 1194 is divided by 83?
32
What is the remainder when 293 is divided by 27?
23
What is the remainder when 30 is divided by 15?
0
Calculate the remainder when 245 is divided by 24.
5
What is the remainder when 754 is divided by 45?
34
What is the remainder when 2407 is divided by 10?
7
What is the remainder when 683 is divided by 172?
167
Calculate the remainder when 2681 is divided by 44.
41
What is the remainder when 373 is divided by 24?
13
What is the remainder when 216 is divided by 83?
50
Calculate the remainder when 648 is divided by 164.
156
What is the remainder when 896 is divided by 29?
26
What is the remainder when 331 is divided by 67?
63
Calculate the remainder when 167 is divided by 42.
41
Calculate the remainder when 2147 is divided by 535.
7
What is the remainder when 177 is divided by 54?
15
What is the remainder when 56 is divided by 21?
14
What is the remainder when 163 is divided by 17?
10
What is the remainder when 350 is divided by 13?
12
What is the remainder when 588 is divided by 73?
4
What is the remainder when 303 is divided by 61?
59
What is the remainder when 95 is divided by 3?
2
What is the remainder when 780 is divided by 158?
148
Calculate the remainder when 856 is divided by 211.
12
Calculate the remainder when 340 is divided by 164.
12
Calculate the remainder when 89 is divided by 47.
42
Calculate the remainder when 39 is divided by 5.
4
Calculate the remainder when 189 is divided by 5.
4
What is the remainder when 797 is divided by 158?
7
Calculate the remainder when 120 is divided by 41.
38
Calculate the remainder when 4535 is divided by 33.
14
Calculate the remainder when 862 is divided by 145.
137
Calculate the remainder when 18912 is divided by 193.
191
Calculate the remainder when 6979 is divided by 194.
189
What is the remainder when 4798 is divided by 12?
10
Calculate the remainder when 552 is divided by 184.
0
Calculate the remainder when 7 is divided by 4.
3
Calculate the remainder when 9627 is divided by 58.
57
Calculate the remainder when 20 is divided by 9.
2
What is the remainder when 496 is divided by 39?
28
Calculate the remainder when 630 is divided by 184.
78
Calculate the remainder when 196 is divided by 48.
4
Calculate the remainder when 800 is divided by 84.
44
What is the remainder when 35166 is divided by 139?
138
What is the remainder when 84 is divided by 81?
3
Calculate the remainder when 559 is divided by 201.
157
What is the remainder when 613 is divided by 28?
25
What is the remainder when 1160 is divided by 12?
8
Calculate the remainder when 516 is divided by 164.
24
Calculate the remainder when 444 is divided by 180.
84
What is the remainder when 1324 is divided by 151?
116
What is the remainder when 2302 is divided by 49?
48
Calculate the remainder when 394 is divided by 21.
16
What is the remainder when 599 is divided by 132?
71
What is the remainder when 147 is divided by 3?
0
Calculate the remainder when 3836 is divided by 547.
7
Calculate the remainder when 303 is divided by 4.
3
Calculate the remainder when 360 is divided by 52.
48
Calculate the remainder when 4125 is divided by 94.
83
Calculate the remainder when 750 is divided by 9.
3
What is the remainder when 4790 is divided by 19?
2
Calculate the remainder when 198 is divided by 42.
30
What is the remainder when 32631 is divided by 14?
11
Calculate the remainder when 42 is divided by 11.
9
Calculate the remainder when 779 is divided by 30.
29
Calculate the remainder when 403 is divided by 39.
13
Calculate the remainder when 102 is divided by 34.
0
What is the remainder when 887 is divided by 181?
163
What is the remainder when 797 is divided by 42?
41
Calculate the remainder when 60 is divided by 7.
4
What is the remainder when 166 is divided by 86?
80
Calculate the remainder when 6115 is divided by 46.
43
Calculate the remainder when 1328 is divided by 401.
125
Calculate the remainder when 514 is divided by 25.
14
What is the remainder when 458 is divided by 46?
44
Calculate the remainder when 4869 is divided by 116.
113
Calculate the remainder when 48 is divided by 8.
0
Calculate the remainder when 183 is divided by 42.
15
Calculate the remainder when 27 is divided by 20.
7
What is the remainder when 61 is divided by 21?
19
Calculate the remainder when 37 is divided by 25.
12
What is the remainder when 918 is divided by 905?
13
What is the remainder when 84 is divided by 4?
0
What is the remainder when 209 is divided by 25?
9
Calculate the remainder when 5369 is divided by 199.
195
Calculate the remainder when 376 is divided by 95.
91
Calculate the remainder when 518 is divided by 142.
92
What is the remainder when 427 is divided by 11?
9
What is the remainder when 2300 is divided by 7?
4
What is the remainder when 1375 is divided by 26?
23
Calculate the remainder when 72 is divided by 40.
32
What is the remainder when 970 is divided by 18?
16
What is the remainder when 7432 is divided by 59?
57
What is the remainder when 26 is divided by 5?
1
What is the remainder when 52 is divided by 8?
4
Calculate the remainder when 323 is divided by 38.
19
What is the remainder when 282 is divided by 11?
7
What is the remainder when 1206 is divided by 37?
22
What is the remainder when 48 is divided by 25?
23
Calculate the remainder when 151 is divided by 71.
9
What is the remainder when 16896 is divided by 130?
126
What is the remainder when 1096 is divided by 50?
46
What is the remainder when 515 is divided by 194?
127
What is the remainder when 45 is divided by 16?
13
Calculate the remainder when 42 is divided by 2.
0
Calculate the remainder when 1365 is divided by 341.
1
What is the remainder when 14096 is divided by 133?
131
Calculate the remainder when 2460 is divided by 23.
22
Calculate the remainder when 75 is divided by 31.
13
What is the remainder when 639 is divided by 3?
0
What is the remainder when 206 is divided by 30?
26
Calculate the remainder when 1497 is divided by 371.
13
Calculate the remainder when 159 is divided by 18.
15
What is the remainder when 45 is divided by 36?
9
Calculate the remainder when 364 is divided by 5.
4
Calculate the remainder when 1746 is divided by 146.
140
Calculate the remainder when 38303 is divided by 168.
167
Calculate the remainder when 36 is divided by 20.
16
What is the remainder when 102 is divided by 41?
20
What is the remainder when 174 is divided by 59?
56
Calculate the remainder when 32 is divided by 18.
14
Calculate the remainder when 303 is divided by 19.
18
What is the remainder when 84 is divided by 10?
4
What i